216.244.66.200 - - [26/Sep/2022:17:09:11 -0700] "GET /?Keywords=Cruises&addargs=qs=06oENya4ZG1YS6vOLJwpLiFdjG91ICVXnJSiNzPwzU5eLYDML0aqJHHqK3L3aevDr2m0f6NaPBmTLPhSMjLtEZolqwg3fZTbNui9T88b1OZaKaGk1edoOO5KZE3Gvzn8IHwNzw91Mfx3Z9V3ZuOBwpPrwlfWV40S5Gbvci-LrNw18aGj_ESezCgbvdZdIcJ_LPGtsSs64sQutMbtpCUgwnS0lQ9f7H_hFsOAHe9LClrFiFYgIEKXpqdFquCVDbKDH93lpOXtPmvHw1xtezpHGm19H-GAEth0-z4ZGxCia243jAgZV3u-lw-g5048eZKKSD3A3H80RpzGhbT7HaduTiYQfjzbR4gVAMFNNRFA..,YT0zO2s9NTtoPTVhMjg3ZGE0MjZkM2MyNjk. HTTP/1.1" 200 - "-" "Mozilla/5.0 (compatible; DotBot/1.2; +https://opensiteexplorer.org/dotbot; help@moz.com)" "patriotrestorations.com"
216.244.66.200 - - [26/Sep/2022:17:09:13 -0700] "GET /?Keywords=Digital+Camera&addargs=qs=06oENya4ZG1YS6vOLJwpLiFdjG91ICVXnJSiNzPwzU5eLYDML0aqJHHqK3L3aevDr2m0f6NaPBmTLPhSMjLtEZolqwg3fZTbNui9T88b1OZaKaGk1edoOO5KZEHPStD4MHwNzazLn2B4Wquq-YDxwpPrwlfWV40S5Gbvci-LrNw18aGj_ESezCgbvdZdIcJ_LPGtsSs64sQutMbtpCUgwnS0lQ9f7H_hFsOAHe9LClrFiFYgIEKXpqdFquCVDbKDH93lpOXtPmvHw1xtezpHGm19H-GAEth0-z4ZGxCia243jAgZV3u-lw-g5048eZKKSD3A3H80RpzGhbT7HaduTiYQfjzbQIClAMflFfOA..,YT0zO2s9MjU7aD03YWYxNTNmMDU0MWNlMDY1 HTTP/1.1" 200 - "-" "Mozilla/5.0 (compatible; DotBot/1.2; +https://opensiteexplorer.org/dotbot; help@moz.com)" "patriotrestorations.com"
216.244.66.200 - - [26/Sep/2022:17:09:14 -0700] "GET /?Keywords=Digital+Camera&addargs=qs=06oENya4ZG1YS6vOLJwpLiFdjG91ICVXnJSiNzPwzU5eLYDML0aqJHHqK3L3aevDr2m0f6NaPBmTLPhSMjLtEZolqwg3fZTbNui9T88b1OZaKaGk1edoOO5KarLDrNRv0GwNwI6K3LIFGbYL-vGhwpPrwlfWV40S5Gbvci-LrNw18aGj_ESezCgbvdZdIcJ_LPGtsSs64sQutMbtpCUgwnS0lQ9f7H_hFsOAHe9LClrFiFYgIEKXpqdFquCVDbKDH93lpOXtPmvHw1xtezpHGm19H-GAEth0-z4ZGxCia243jAgZV3u-lw-g5048eZKKSD3A3H80RpzGhbT7HaduTiYQfjLbSIEVER98Yc,YT0zO2s9MTU7aD1iY2VlMzgxZjE1N2FhMDQ5 HTTP/1.1" 200 - "-" "Mozilla/5.0 (compatible; DotBot/1.2; +https://opensiteexplorer.org/dotbot; help@moz.com)" "patriotrestorations.com"
216.244.66.200 - - [26/Sep/2022:17:09:15 -0700] "GET /?Keywords=Education&addargs=qs=06oENya4ZG1YS6vOLJwpLiFdjG91ICVXnJSiNzPwzU5eLYDML0aqJHHqK3L3aevDr2m0f6NaPBmTLPhSMjLtEZolqwg3fZTbtpi9iWX9wLpFMhz-V0_8nsg5Aron2Nzgc8RN8YzIs0Z3BZqaiBRo90lr8RuF4Vrr18YckyeFh560Gf2WhKUSymtUg-yMgjQfA3tI6KXrdt296aMF0mHm3mrbjI7ByTNpFKKJous4X0TrK5OOHdznxpE71v4o37_KKOVxkmjHdNA37vRDcu2Zbat8tCA79FAir72ShLqQy6SN-zOgSlB7Je9uD6dAfLWKdm7il9e1JOVzvLFpgPwnsRiJeeVwvqFfF5Ono.,YT0zO2s9NTtoPTNjNzliYWY3ZTE2NmI4YmE. HTTP/1.1" 200 - "-" "Mozilla/5.0 (compatible; DotBot/1.2; +https://opensiteexplorer.org/dotbot; help@moz.com)" "patriotrestorations.com"
216.244.66.200 - - [26/Sep/2022:17:09:16 -0700] "GET /?Keywords=Home+Improvement&addargs=qs=06oENya4ZG1YS6vOLJwpLiFdjG91ICVXnJSiNzPwzU5eLYDML0aqJHHqK3L3aevDr2m0f6NaPBmTLPhSMjLtEZolqwg3fZTbNui9T88b1OZaKaGk1edoOO5KZrYzQ8wQIGwNzI-F3_wJuNXofZfRyLzamztfy1ItnB-VuLmDTN9Xgate7KS0p0AUKMn5WPv8DwaIHwVstoTQxkb_K04PvAXvkQg45kD14CAleyO8YKqF_GFkv3dQnFqSi5XJ9DJOov0FA_lmGJU-Kh1yQvhy6IZh1MQsTSA0vqq1vD6OysmJcdz5DualR9CAWwubDaUTwBg1gVwXwCDt3ZkuNx3dZC9qkY3QMIHFGRTcbU,YT0zO2s9MzA7aD00ZmUzYjdhYzRlMTBjYjVm HTTP/1.1" 200 - "-" "Mozilla/5.0 (compatible; DotBot/1.2; +https://opensiteexplorer.org/dotbot; help@moz.com)" "patriotrestorations.com"
216.244.66.200 - - [26/Sep/2022:17:09:16 -0700] "GET /?Keywords=Insurance&addargs=qs=06oENya4ZG1YS6vOLJwpLiFdjG91ICVXnJSiNzPwzU5eLYDML0aqJHHqK3L3aevDr2m0f6NaPBmTLPhSMjLtEZolqwg3fZTbtpi9iWX9wLpFMhz-V0_8nswxcVJsIPzgc8nFi4bKN3h3gNjm-BRo90lr8RuF4Vrr18YckyeFh560Gf2WhKUSymtUg-yMgjQfA3tI6KXrdt296aMF0mHm3mrbjI7ByTNpFKKJous4X0TrK5OOHdznxpE71v4o37_KKOVxkmjHdNA37vRDcu2Zbat8tCA79FAir72ShLqQy6SN-zOgSlB7Je9uD6dAfLWKdm7il9e1JOVzvLFpgPwnsRiJeelxb8FTdhOgw.,YT0zO2s9MjU7aD05NTc5MTE0YWU4YTZhNmM5 HTTP/1.1" 200 - "-" "Mozilla/5.0 (compatible; DotBot/1.2; +https://opensiteexplorer.org/dotbot; help@moz.com)" "patriotrestorations.com"
216.244.66.200 - - [26/Sep/2022:17:09:18 -0700] "GET /?Keywords=Music&addargs=qs=06oENya4ZG1YS6vOLJwpLiFdjG91ICVXnJSiNzPwzU5eLYDML0aqJHHqK3L3aevDr2m0f6NaPBmTLPhSMjLtEZolqwg3fZTbNui9T88b1OZaKaGk1edoOO5KZE3CW1DhIHwNz4890-Sm7MWNS_TgRxsH8x7QQzLty94n4yVLpSnNC2VukZ27zgA4kpijjZY32UOcQc46fMDkkVOo_6Qlh6TVjnyrmeMNArXJibMGLv3Mx2WmBGBmLv60MrOd-Ceg5CaaKd8u6fR7XxpMbPNyVmHD2HhW18tmqy8oEytSckCAftqlme-MFSlOwcF4LFH-UJJAHUaOuZGsQUMkoZawc14sH-NL_s11BBZMlP,YT0zO2s9MzA7aD01OGUyMGYwZjE0ZGJiZGEx HTTP/1.1" 200 - "-" "Mozilla/5.0 (compatible; DotBot/1.2; +https://opensiteexplorer.org/dotbot; help@moz.com)" "patriotrestorations.com"
216.244.66.200 - - [26/Sep/2022:17:09:19 -0700] "GET /?Keywords=Sports&addargs=qs=06oENya4ZG1YS6vOLJwpLiFdjG91ICVXnJSiNzPwzU5eLYDML0aqJHHqK3L3aevDr2m0f6NaPBmTLPhSMjLtEZolqwg3fZTbtpi9iWX9wLpFMhz-V0_8nsw_P0oZl3ywc83MtwoIe3INjaQc-BRo90lr8RuF4Vrr18YckyeFh560Gf2WhKUSymtUg-yMgjQfA3tI6KXrdt296aMF0mHm3mrbjI7ByTNpFKKJous4X0TrK5OOHdznxpE71v4o37_KKOVxkmjHdNA37vRDcu2Zbat8tCA79FAir72ShLqQy6SN-zOgSlB7Je9uD6dAfLWKdm7il9e1JOVzvLFpgPwnsRiJeeVxT4FXLVOsM.,YT0zO2s9NTtoPWRiZTViNjM1YmE0M2UxMjY. HTTP/1.1" 200 - "-" "Mozilla/5.0 (compatible; DotBot/1.2; +https://opensiteexplorer.org/dotbot; help@moz.com)" "patriotrestorations.com"
185.83.144.103 - - [26/Sep/2022:17:21:47 -0700] "GET /aws.credentials HTTP/1.1" 404 88 "-" "Mozilla/5.0 (X11; Linux x86_64) AppleWebKit/537.36 (KHTML, like Gecko) Chrome/81.0.4044.129 Safari/537.36" "patriotrestorations.com"
185.83.144.103 - - [26/Sep/2022:17:21:47 -0700] "GET /aws.credentials HTTP/1.1" 404 88 "-" "Mozilla/5.0 (X11; Linux x86_64) AppleWebKit/537.36 (KHTML, like Gecko) Chrome/81.0.4044.129 Safari/537.36" "patriotrestorations.com"
51.222.253.11 - - [26/Sep/2022:18:06:37 -0700] "GET /robots.txt HTTP/1.1" 404 88 "-" "Mozilla/5.0 (compatible; AhrefsBot/7.0; +http://ahrefs.com/robot/)" "patriotrestorations.com"
51.222.253.2 - - [26/Sep/2022:18:06:38 -0700] "GET / HTTP/1.1" 200 20 "-" "Mozilla/5.0 (compatible; AhrefsBot/7.0; +http://ahrefs.com/robot/)" "patriotrestorations.com"
10.247.24.107 - - [26/Sep/2022:18:09:16 -0700] "POST /wp-cron.php?doing_wp_cron=1664240956.8658781051635742187500 HTTP/1.1" 200 - "http://patriotrestorations.com/wp-cron.php?doing_wp_cron=1664240956.8658781051635742187500" "WordPress/5.0.17; http://patriotrestorations.com" "patriotrestorations.com"
46.161.27.156 - - [26/Sep/2022:18:09:14 -0700] "POST /wp-login.php HTTP/1.1" 200 4956 "-" "Mozilla/5.0 (Windows NT 6.3; WOW64; rv:43.0) Gecko/20100101 Firefox/43.0" "patriotrestorations.com"
194.38.20.161 - - [26/Sep/2022:18:37:46 -0700] "GET /wp-content/themes/famous/megaframe/megapanel/inc/functions.php HTTP/1.1" 404 73 "-" "ALittle Client" "patriotrestorations.com"
10.247.24.106 - - [26/Sep/2022:19:13:14 -0700] "POST /wp-cron.php?doing_wp_cron=1664244794.8701789379119873046875 HTTP/1.1" 200 - "http://patriotrestorations.com/wp-cron.php?doing_wp_cron=1664244794.8701789379119873046875" "WordPress/5.0.17; http://patriotrestorations.com" "patriotrestorations.com"
46.161.27.153 - - [26/Sep/2022:19:13:12 -0700] "POST /wp-login.php HTTP/1.1" 200 4964 "-" "Mozilla/5.0 (Windows NT 6.3; WOW64; rv:43.0) Gecko/20100101 Firefox/43.0" "patriotrestorations.com"
46.161.27.155 - - [26/Sep/2022:20:15:42 -0700] "POST /wp-login.php HTTP/1.1" 200 4965 "-" "Mozilla/5.0 (Windows NT 6.3; WOW64; rv:43.0) Gecko/20100101 Firefox/43.0" "patriotrestorations.com"
10.247.24.106 - - [26/Sep/2022:20:15:45 -0700] "POST /wp-cron.php?doing_wp_cron=1664248545.1324539184570312500000 HTTP/1.1" 200 - "http://patriotrestorations.com/wp-cron.php?doing_wp_cron=1664248545.1324539184570312500000" "WordPress/5.0.17; http://patriotrestorations.com" "patriotrestorations.com"
216.244.66.200 - - [26/Sep/2022:21:13:26 -0700] "GET /robots.txt HTTP/1.1" 404 73 "-" "Mozilla/5.0 (compatible; DotBot/1.2; +https://opensiteexplorer.org/dotbot; help@moz.com)" "patriotrestorations.com"
10.247.24.106 - - [26/Sep/2022:21:20:16 -0700] "POST /wp-cron.php?doing_wp_cron=1664252416.6145160198211669921875 HTTP/1.1" 200 - "http://patriotrestorations.com/wp-cron.php?doing_wp_cron=1664252416.6145160198211669921875" "WordPress/5.0.17; http://patriotrestorations.com" "patriotrestorations.com"
46.161.27.155 - - [26/Sep/2022:21:20:14 -0700] "POST /wp-login.php HTTP/1.1" 200 4963 "-" "Mozilla/5.0 (Windows NT 6.3; WOW64; rv:43.0) Gecko/20100101 Firefox/43.0" "patriotrestorations.com"
46.161.27.155 - - [26/Sep/2022:22:25:09 -0700] "POST /wp-login.php HTTP/1.1" 200 4956 "-" "Mozilla/5.0 (Windows NT 6.3; WOW64; rv:43.0) Gecko/20100101 Firefox/43.0" "patriotrestorations.com"
10.247.24.106 - - [26/Sep/2022:22:25:12 -0700] "POST /wp-cron.php?doing_wp_cron=1664256312.0566360950469970703125 HTTP/1.1" 200 - "http://patriotrestorations.com/wp-cron.php?doing_wp_cron=1664256312.0566360950469970703125" "WordPress/5.0.17; http://patriotrestorations.com" "patriotrestorations.com"
46.161.27.153 - - [26/Sep/2022:23:27:12 -0700] "POST /wp-login.php HTTP/1.1" 200 4956 "-" "Mozilla/5.0 (Windows NT 6.3; WOW64; rv:43.0) Gecko/20100101 Firefox/43.0" "patriotrestorations.com"
10.247.24.108 - - [26/Sep/2022:23:27:14 -0700] "POST /wp-cron.php?doing_wp_cron=1664260034.7612049579620361328125 HTTP/1.1" 200 - "http://patriotrestorations.com/wp-cron.php?doing_wp_cron=1664260034.7612049579620361328125" "WordPress/5.0.17; http://patriotrestorations.com" "patriotrestorations.com"
216.244.66.200 - - [26/Sep/2022:23:49:53 -0700] "GET /robots.txt HTTP/1.1" 404 73 "-" "Mozilla/5.0 (compatible; DotBot/1.2; +https://opensiteexplorer.org/dotbot; help@moz.com)" "patriotrestorations.com"
216.244.66.200 - - [27/Sep/2022:00:18:46 -0700] "GET /?Keywords=Airline+Tickets&addargs=qs=06oENya4ZG1YS6vOLJwpLiFdjG91ICVXnJSiNzPwzU5eLYDML0aqJHHqK3L3aevDr2m0f6NaPBmTLPhSMjLtEZolqwg3fZTbNui9T88b1OZaKaGk1edoOO5Kar8nt0PwwHwRzFKVIPJ7VatVXsXRyLzamztfy1ItnB-VuLmDTN9Xgate7KS0p0AUKMn5WPv8DwaIHwVstoTQxkb_K04PvAXvkQg45kD14CAleyO8YKqF_GFkv3dQnFqSi5XJ9DJOov0FA_lmGJU-Kh1yQvhy6IZh1MQsTSA0vqq1vD6OysmJcdz5DualR9CAWwubDaUTwBg1gVwXwCDt3Zkudx3ddC9qkY3fNwE1Fpfchf,YT0zO2s9NTtoPWUxYjdjZWU3YzM5Yzk5ZWU. HTTP/1.1" 200 - "-" "Mozilla/5.0 (compatible; DotBot/1.2; +https://opensiteexplorer.org/dotbot; help@moz.com)" "patriotrestorations.com"
216.244.66.200 - - [27/Sep/2022:00:19:15 -0700] "GET /?Keywords=Airline+Tickets&addargs=qs=06oENya4ZG1YS6vOLJwpLiFdjG91ICVXnJSiNzPwzU5eLYDML0aqJHHqK3L3aevDr2m0f6NaPBmTLPhSMjLtEZolqwg3fZTbtpi9iWX9wLpFMhz-V0_8nsX-5pnvlVzwc8dOTfb7PIL9_SPmeBRo90lr8RuF4Vrr18YckyeFh560Gf2WhKUSymtUg-yMgjQfA3tI6KXrdt296aMF0mHm3mrbjI7ByTNpFKKJous4X0TrK5OOHdznxpE71v4o37_KKOVxkmjHdNA37vRDcu2Zbat8tCA79FAir72ShLqQy6SN-zOgSlB7Je9uD6dAfLWKdm7il9e1JOVzvLFpgPwnsRiBedl3buDGDqmw..,YT0zO2s9NTtoPWVmZTNiYzI2MzJhYzMzMTc. HTTP/1.1" 200 - "-" "Mozilla/5.0 (compatible; DotBot/1.2; +https://opensiteexplorer.org/dotbot; help@moz.com)" "patriotrestorations.com"
216.244.66.200 - - [27/Sep/2022:00:19:43 -0700] "GET /?Keywords=Apartments&addargs=qs=06oENya4ZG1YS6vOLJwpLiFdjG91ICVXnJSiNzPwzU5eLYDML0aqJHHqK3L3aevDr2m0f6NaPBmTLPhSMjLtEZolqwg3fZTbNui9T88b1OZaKaGk1edoOO5KZE3GusxkQGwNwS2Lnv-E53dYOJGRwpPrwlfWV40S5Gbvci-LrNw18aGj_ESezCgbvdZdIcJ_LPGtsSs64sQutMbtpCUgwnS0lQ9f7H_hFsOAHe9LClrFiFYgIEKXpqdFquCVDbKDH93lpOXtPmvHw1xtezpHGm19H-GAEth0-z4ZGxCia243jAgZV3u-lw-g5048eZKKSD3A3H80RpzGhbT7HaduTiYQfjLbSIH1HJ0saJ,YT0zO2s9MTU7aD04OWQ1YTI5NTYzZjFiMDA1 HTTP/1.1" 200 - "-" "Mozilla/5.0 (compatible; DotBot/1.2; +https://opensiteexplorer.org/dotbot; help@moz.com)" "patriotrestorations.com"
216.244.66.200 - - [27/Sep/2022:00:20:10 -0700] "GET /?Keywords=Apartments&addargs=qs=06oENya4ZG1YS6vOLJwpLiFdjG91ICVXnJSiNzPwzU5eLYDML0aqJHHqK3L3aevDr2m0f6NaPBmTLPhSMjLtEZolqwg3fZTbNui9T88b1OZaKaGk1edoOO5KZEfB0ynzIGwNwwJ7IrC4eSSkOOHhwpPrwlfWV40S5Gbvci-LrNw18aGj_ESezCgbvdZdIcJ_LPGtsSs64sQutMbtpCUgwnS0lQ9f7H_hFsOAHe9LClrFiFYgIEKXpqdFquCVDbKDH93lpOXtPmvHw1xtezpHGm19H-GAEth0-z4ZGxCia243jAgZV3u-lw-g5048eZKKSD3A3H80RpzGhbT7HaduTiYQfjzbR4QVcMv3dffQ..,YT0zO2s9MjU7aD1kMDRiMGRjYzRlNGM0YjRl HTTP/1.1" 200 - "-" "Mozilla/5.0 (compatible; DotBot/1.2; +https://opensiteexplorer.org/dotbot; help@moz.com)" "patriotrestorations.com"
216.244.66.200 - - [27/Sep/2022:00:20:37 -0700] "GET /?Keywords=Apartments&addargs=qs=06oENya4ZG1YS6vOLJwpLiFdjG91ICVXnJSiNzPwzU5eLYDML0aqJHHqK3L3aevDr2m0f6NaPBmTLPhSMjLtEZolqwg3fZTbNui9T88b1OZaKaGk1edoOO5KZEnJTNRvMHwNwIAHfJ1HaTdmdnNBwpPrwlfWV40S5Gbvci-LrNw18aGj_ESezCgbvdZdIcJ_LPGtsSs64sQutMbtpCUgwnS0lQ9f7H_hFsOAHe9LClrFiFYgIEKXpqdFquCVDbKDH93lpOXtPmvHw1xtezpHGm19H-GAEth0-z4ZGxCia243jAgZV3u-lw-g5048eZKKSD3A3H80RpzGhbT7HaduTiYQfjzbS4SVkMqIpfBw..,YT0zO2s9NTtoPTA0MDI4ZmZiOWI4NGU0YTQ. HTTP/1.1" 200 - "-" "Mozilla/5.0 (compatible; DotBot/1.2; +https://opensiteexplorer.org/dotbot; help@moz.com)" "patriotrestorations.com"
216.244.66.200 - - [27/Sep/2022:00:21:02 -0700] "GET /?Keywords=Apartments&addargs=qs=06oENya4ZG1YS6vOLJwpLiFdjG91ICVXnJSiNzPwzU5eLYDML0aqJHHqK3L3aevDr2m0f6NaPBmTLPhSMjLtEZolqwg3fZTbNui9T88b1OZaKaGk1edoOO5Kar8jU1zkIGwNwQIrrL3qSioo2XPxwpPrwlfWV40S5Gbvci-LrNw18aGj_ESezCgbvdZdIcJ_LPGtsSs64sQutMbtpCUgwnS0lQ9f7H_hFsOAHe9LClrFiFYgIEKXpqdFquCVDbKDH93lpOXtPmvHw1xtezpHGm19H-GAEth0-z4ZGxCia243jAgZV3u-lw-g5048eZKKSD3A3H80RpzGhbT7HaduTiYQfjzbT481AMbn5fxQ..,YT0zO2s9NDA7aD0yZjczZTE5NWFhOWVlOTEw HTTP/1.1" 200 - "-" "Mozilla/5.0 (compatible; DotBot/1.2; +https://opensiteexplorer.org/dotbot; help@moz.com)" "patriotrestorations.com"
216.244.66.200 - - [27/Sep/2022:00:21:26 -0700] "GET /?Keywords=Apartments&addargs=qs=06oENya4ZG1YS6vOLJwpLiFdjG91ICVXnJSiNzPwzU5eLYDML0aqJHHqK3L3aevDr2m0f6NaPBmTLPhSMjLtEZolqwg3fZTbtpi9iWX9wLpFMhz-V0_8nsX-4tXIHMzAc8lPfYZ1ibOHB1lriBRo90lr8RuF4Vrr18YckyeFh560Gf2WhKUSymtUg-yMgjQfA3tI6KXrdt296aMF0mHm3mrbjI7ByTNpFKKJous4X0TrK5OOHdznxpE71v4o37_KKOVxkmjHdNA37vRDcu2Zbat8tCA79FAir72ShLqQy6SN-zOgSlB7Je9uD6dAfLWKdm7il9e1JOVzvLFpgPwnsRiJeelwTuFRSsNOg.,YT0zO2s9NDA7aD0yOWUyMDJkNDI0YTA4ZTQx HTTP/1.1" 200 - "-" "Mozilla/5.0 (compatible; DotBot/1.2; +https://opensiteexplorer.org/dotbot; help@moz.com)" "patriotrestorations.com"
216.244.66.200 - - [27/Sep/2022:00:21:49 -0700] "GET /?Keywords=Apartments&addargs=qs=06oENya4ZG1YS6vOLJwpLiFdjG91ICVXnJSiNzPwzU5eLYDML0aqJHHqK3L3aevDr2m0f6NaPBmTLPhSMjLtEZolqwg3fZTbtpi9iWX9wLpFMhz-V0_8nsgy6rYbq2ywc8fPt_B7crlycCMYeBRo90lr8RuF4Vrr18YckyeFh560Gf2WhKUSymtUg-yMgjQfA3tI6KXrdt296aMF0mHm3mrbjI7ByTNpFKKJous4X0TrK5OOHdznxpE71v4o37_KKOVxkmjHdNA37vRDcu2Zbat8tCA79FAir72ShLqQy6SN-zOgSlB7Je9uD6dAfLWKdm7il9e1JOVzvLFpgPwnsRiJeelzroFUz9Ovw.,YT0zO2s9MjA7aD00OTUzMmYwZTYwYTdiNmFh HTTP/1.1" 200 - "-" "Mozilla/5.0 (compatible; DotBot/1.2; +https://opensiteexplorer.org/dotbot; help@moz.com)" "patriotrestorations.com"
45.248.76.230 - - [27/Sep/2022:01:03:27 -0700] "GET /wp-includes/wlwmanifest.xml HTTP/1.1" 200 1045 "-" "Mozilla/5.0 (Windows NT 10.0; Win64; x64) AppleWebKit/537.36 (KHTML, like Gecko) Chrome/78.0.3904.108 Safari/537.36" "patriotrestorations.com"
45.248.76.230 - - [27/Sep/2022:01:03:29 -0700] "GET /wp-json/oembed/1.0/embed?url=http://patriotrestorations.com HTTP/1.1" 404 73 "-" "Mozilla/5.0 (Windows NT 10.0; Win64; x64) AppleWebKit/537.36 (KHTML, like Gecko) Chrome/78.0.3904.108 Safari/537.36" "patriotrestorations.com"
46.161.27.156 - - [27/Sep/2022:01:34:48 -0700] "POST /wp-login.php HTTP/1.1" 200 4960 "-" "Mozilla/5.0 (Windows NT 6.3; WOW64; rv:43.0) Gecko/20100101 Firefox/43.0" "patriotrestorations.com"
10.247.24.108 - - [27/Sep/2022:01:34:50 -0700] "POST /wp-cron.php?doing_wp_cron=1664267690.3985240459442138671875 HTTP/1.1" 200 - "http://patriotrestorations.com/wp-cron.php?doing_wp_cron=1664267690.3985240459442138671875" "WordPress/5.0.17; http://patriotrestorations.com" "patriotrestorations.com"
34.138.39.45 - - [27/Sep/2022:01:55:47 -0700] "GET /robots.txt HTTP/1.1" 404 88 "-" "ZoominfoBot (zoominfobot at zoominfo dot com)" "patriotrestorations.com"
34.138.39.45 - - [27/Sep/2022:01:55:47 -0700] "GET / HTTP/1.1" 200 20 "-" "ZoominfoBot (zoominfobot at zoominfo dot com)" "patriotrestorations.com"
54.203.14.37 - - [27/Sep/2022:02:10:33 -0700] "GET / HTTP/1.1" 200 20 "-" "Mozilla/5.0 (X11; Linux x86_64) AppleWebKit/537.36 (KHTML, like Gecko) Chrome/83.0.4103.97 Safari/537.36" "patriotrestorations.com"
35.87.29.183 - - [27/Sep/2022:02:10:37 -0700] "GET / HTTP/1.1" 200 20 "-" "Mozilla/5.0 (X11; Linux x86_64) AppleWebKit/537.36 (KHTML, like Gecko) Chrome/83.0.4103.97 Safari/537.36" "patriotrestorations.com"
54.218.111.80 - - [27/Sep/2022:02:11:01 -0700] "GET /favicon.ico HTTP/1.1" 404 88 "-" "Mozilla/5.0 (X11; Linux x86_64) AppleWebKit/537.36 (KHTML, like Gecko) Chrome/83.0.4103.97 Safari/537.36" "patriotrestorations.com"
54.218.111.80 - - [27/Sep/2022:02:11:02 -0700] "GET / HTTP/1.1" 200 20 "-" "Mozilla/5.0 (X11; Linux x86_64) AppleWebKit/537.36 (KHTML, like Gecko) Chrome/83.0.4103.97 Safari/537.36" "patriotrestorations.com"
35.166.201.37 - - [27/Sep/2022:02:18:03 -0700] "GET / HTTP/1.1" 200 20 "-" "Mozilla/5.0 (Windows NT 10.0; Win64; x64)AppleWebKit/537.36 (KHTML, like Gecko) Chrome/66.0.3359.181 Safari/537.36" "patriotrestorations.com"
10.247.24.106 - - [27/Sep/2022:02:39:42 -0700] "POST /wp-cron.php?doing_wp_cron=1664271582.2172520160675048828125 HTTP/1.1" 200 - "http://patriotrestorations.com/wp-cron.php?doing_wp_cron=1664271582.2172520160675048828125" "WordPress/5.0.17; http://patriotrestorations.com" "patriotrestorations.com"
46.161.27.153 - - [27/Sep/2022:02:39:40 -0700] "POST /wp-login.php HTTP/1.1" 200 4958 "-" "Mozilla/5.0 (Windows NT 6.3; WOW64; rv:43.0) Gecko/20100101 Firefox/43.0" "patriotrestorations.com"
54.36.148.17 - - [27/Sep/2022:03:18:53 -0700] "GET / HTTP/1.1" 200 20 "-" "Mozilla/5.0 (compatible; AhrefsBot/7.0; +http://ahrefs.com/robot/)" "patriotrestorations.com"
10.247.24.107 - - [27/Sep/2022:03:44:02 -0700] "POST /wp-cron.php?doing_wp_cron=1664275442.1181969642639160156250 HTTP/1.1" 200 - "http://patriotrestorations.com/wp-cron.php?doing_wp_cron=1664275442.1181969642639160156250" "WordPress/5.0.17; http://patriotrestorations.com" "patriotrestorations.com"
46.161.27.153 - - [27/Sep/2022:03:43:59 -0700] "POST /wp-login.php HTTP/1.1" 200 4958 "-" "Mozilla/5.0 (Windows NT 6.3; WOW64; rv:43.0) Gecko/20100101 Firefox/43.0" "patriotrestorations.com"
10.247.24.106 - - [27/Sep/2022:04:48:58 -0700] "POST /wp-cron.php?doing_wp_cron=1664279338.1974210739135742187500 HTTP/1.1" 200 - "http://patriotrestorations.com/wp-cron.php?doing_wp_cron=1664279338.1974210739135742187500" "WordPress/5.0.17; http://patriotrestorations.com" "patriotrestorations.com"
46.161.27.155 - - [27/Sep/2022:04:48:56 -0700] "POST /wp-login.php HTTP/1.1" 200 4966 "-" "Mozilla/5.0 (Windows NT 6.3; WOW64; rv:43.0) Gecko/20100101 Firefox/43.0" "patriotrestorations.com"
216.245.215.122 - - [27/Sep/2022:06:01:41 -0700] "POST /xmlrpc.php HTTP/1.1" 200 401 "-" "Mozilla/5.0 (Windows NT 10.0; Win64; x64; rv:96.0) Gecko/20100101 Firefox/96" "patriotrestorations.com"
10.247.24.106 - - [27/Sep/2022:06:01:43 -0700] "POST /wp-cron.php?doing_wp_cron=1664283703.1371860504150390625000 HTTP/1.1" 200 - "http://patriotrestorations.com/wp-cron.php?doing_wp_cron=1664283703.1371860504150390625000" "WordPress/5.0.17; http://patriotrestorations.com" "patriotrestorations.com"
151.80.20.26 - - [27/Sep/2022:06:09:26 -0700] "POST /xmlrpc.php HTTP/1.1" 200 401 "-" "Mozilla/5.0 (Windows NT 10.0; Win64; x64; rv:96.0) Gecko/20100101 Firefox/96" "patriotrestorations.com"
185.244.175.172 - - [27/Sep/2022:06:31:14 -0700] "GET /wp-admin/admin-post.php?local-download=wp-config.php&local-destination-id=0 HTTP/1.1" 200 - "-" "Mozilla/4.0 (compatible; MSIE 6.0; Windows NT 5.1; SV1)" "patriotrestorations.com"
46.161.27.155 - - [27/Sep/2022:06:55:45 -0700] "POST /wp-login.php HTTP/1.1" 200 4956 "-" "Mozilla/5.0 (Windows NT 6.3; WOW64; rv:43.0) Gecko/20100101 Firefox/43.0" "patriotrestorations.com"
10.247.24.107 - - [27/Sep/2022:06:55:47 -0700] "POST /wp-cron.php?doing_wp_cron=1664286947.6192400455474853515625 HTTP/1.1" 200 - "http://patriotrestorations.com/wp-cron.php?doing_wp_cron=1664286947.6192400455474853515625" "WordPress/5.0.17; http://patriotrestorations.com" "patriotrestorations.com"
111.90.145.188 - - [27/Sep/2022:07:05:27 -0700] "POST /xmlrpc.php HTTP/1.1" 200 401 "-" "Mozilla/5.0 (Windows NT 10.0; Win64; x64; rv:96.0) Gecko/20100101 Firefox/96" "patriotrestorations.com"
185.126.219.43 - - [27/Sep/2022:07:14:04 -0700] "POST /xmlrpc.php HTTP/1.1" 200 401 "-" "Mozilla/5.0 (Windows NT 10.0; Win64; x64; rv:96.0) Gecko/20100101 Firefox/96" "patriotrestorations.com"
151.55.207.117 - - [27/Sep/2022:07:25:23 -0700] "GET / HTTP/1.1" 200 20 "-" "Mozilla/5.0 (Windows NT 10.0; Win64; x64; rv:60.0) Gecko/20100101 Firefox/60.0" "www.patriotrestorations.com"
10.247.24.106 - - [27/Sep/2022:09:00:50 -0700] "POST /wp-cron.php?doing_wp_cron=1664294450.5753901004791259765625 HTTP/1.1" 200 - "http://patriotrestorations.com/wp-cron.php?doing_wp_cron=1664294450.5753901004791259765625" "WordPress/5.0.17; http://patriotrestorations.com" "patriotrestorations.com"
46.161.27.156 - - [27/Sep/2022:09:00:48 -0700] "POST /wp-login.php HTTP/1.1" 200 4966 "-" "Mozilla/5.0 (Windows NT 6.3; WOW64; rv:43.0) Gecko/20100101 Firefox/43.0" "patriotrestorations.com"
20.169.49.224 - - [27/Sep/2022:10:11:40 -0700] "GET / HTTP/1.1" 200 - "-" "Mozilla/5.0 (Windows NT 10.0; Win64; x64) AppleWebKit/537.36 (KHTML, like Gecko) Chrome/88.0.4240.193 Safari/537.36" "patriotrestorations.com"
20.169.49.224 - - [27/Sep/2022:10:11:40 -0700] "GET / HTTP/1.1" 200 - "-" "Mozilla/5.0 (Windows NT 10.0; Win64; x64) AppleWebKit/537.36 (KHTML, like Gecko) Chrome/88.0.4240.193 Safari/537.36" "patriotrestorations.com"
20.169.49.224 - - [27/Sep/2022:10:11:40 -0700] "GET /?author=1 HTTP/1.1" 200 - "-" "Mozilla/5.0 (Windows NT 10.0; Win64; x64) AppleWebKit/537.36 (KHTML, like Gecko) Chrome/88.0.4240.193 Safari/537.36" "patriotrestorations.com"
20.169.49.224 - - [27/Sep/2022:10:11:40 -0700] "GET /?author=2 HTTP/1.1" 200 - "-" "Mozilla/5.0 (Windows NT 10.0; Win64; x64) AppleWebKit/537.36 (KHTML, like Gecko) Chrome/88.0.4240.193 Safari/537.36" "patriotrestorations.com"
20.169.49.224 - - [27/Sep/2022:10:11:40 -0700] "GET /?author=3 HTTP/1.1" 200 - "-" "Mozilla/5.0 (Windows NT 10.0; Win64; x64) AppleWebKit/537.36 (KHTML, like Gecko) Chrome/88.0.4240.193 Safari/537.36" "patriotrestorations.com"
20.169.49.224 - - [27/Sep/2022:10:11:41 -0700] "GET /wp-json/wp/v2/users/ HTTP/1.1" 404 73 "-" "Mozilla/5.0 (Windows NT 10.0; Win64; x64) AppleWebKit/537.36 (KHTML, like Gecko) Chrome/88.0.4240.193 Safari/537.36" "patriotrestorations.com"
20.169.49.224 - - [27/Sep/2022:10:11:41 -0700] "GET /wp-json/oembed/1.0/embed?url=http://patriotrestorations.com HTTP/1.1" 404 73 "-" "Mozilla/5.0 (Windows NT 10.0; Win64; x64) AppleWebKit/537.36 (KHTML, like Gecko) Chrome/88.0.4240.193 Safari/537.36" "patriotrestorations.com"
20.169.49.224 - - [27/Sep/2022:10:11:41 -0700] "POST /xmlrpc.php HTTP/1.1" 500 5627 "-" "Mozilla/5.0 (Windows NT 10.0; Win64; x64) AppleWebKit/537.36 (KHTML, like Gecko) Chrome/88.0.4240.193 Safari/537.36" "patriotrestorations.com"
51.145.87.226 - - [27/Sep/2022:10:16:01 -0700] "GET / HTTP/1.1" 200 - "-" "Mozilla/5.0 (Macintosh; Intel Mac OS X 10_10_1) AppleWebKit/537.36 (KHTML, like Gecko) Chrome/39.0.2171.95 Safari/537.36" "patriotrestorations.com"
51.145.87.226 - - [27/Sep/2022:10:16:07 -0700] "GET /wp-content/plugins/themegrill-demo-importer/readme.txt HTTP/1.1" 404 73 "-" "Mozilla/5.0 (Macintosh; Intel Mac OS X 10_10_1) AppleWebKit/537.36 (KHTML, like Gecko) Chrome/39.0.2171.95 Safari/537.36" "patriotrestorations.com"
51.145.87.226 - - [27/Sep/2022:10:16:07 -0700] "GET /wp-content/plugins/advanced-import/readme.txt HTTP/1.1" 404 73 "-" "Mozilla/5.0 (Macintosh; Intel Mac OS X 10_10_1) AppleWebKit/537.36 (KHTML, like Gecko) Chrome/39.0.2171.95 Safari/537.36" "patriotrestorations.com"
51.145.87.226 - - [27/Sep/2022:10:16:07 -0700] "GET /wp-content/plugins/woocommerce-jetpack/readme.txt HTTP/1.1" 404 73 "-" "Mozilla/5.0 (Macintosh; Intel Mac OS X 10_10_1) AppleWebKit/537.36 (KHTML, like Gecko) Chrome/39.0.2171.95 Safari/537.36" "patriotrestorations.com"
51.145.87.226 - - [27/Sep/2022:10:16:08 -0700] "GET /wp-content/plugins/wp-user-extra-fields/js/wpuef-configurator.js HTTP/1.1" 404 73 "-" "Mozilla/5.0 (Macintosh; Intel Mac OS X 10_10_1) AppleWebKit/537.36 (KHTML, like Gecko) Chrome/39.0.2171.95 Safari/537.36" "patriotrestorations.com"
51.145.87.226 - - [27/Sep/2022:10:16:08 -0700] "GET /wp-content/plugins/woocommerce-upload-files/js/wcuf-admin-menu.js HTTP/1.1" 404 73 "-" "Mozilla/5.0 (Macintosh; Intel Mac OS X 10_10_1) AppleWebKit/537.36 (KHTML, like Gecko) Chrome/39.0.2171.95 Safari/537.36" "patriotrestorations.com"
51.145.87.226 - - [27/Sep/2022:10:16:08 -0700] "GET /wp-content/plugins/capabilities-pro/readme.txt HTTP/1.1" 404 73 "-" "Mozilla/5.0 (Macintosh; Intel Mac OS X 10_10_1) AppleWebKit/537.36 (KHTML, like Gecko) Chrome/39.0.2171.95 Safari/537.36" "patriotrestorations.com"
51.145.87.226 - - [27/Sep/2022:10:16:08 -0700] "GET /wp-content/plugins/capability-manager-enhanced/readme.txt HTTP/1.1" 404 73 "-" "Mozilla/5.0 (Macintosh; Intel Mac OS X 10_10_1) AppleWebKit/537.36 (KHTML, like Gecko) Chrome/39.0.2171.95 Safari/537.36" "patriotrestorations.com"
51.145.87.226 - - [27/Sep/2022:10:16:09 -0700] "GET /wp-content/plugins/angwp/__%20UPDATES.txt HTTP/1.1" 404 73 "-" "Mozilla/5.0 (Macintosh; Intel Mac OS X 10_10_1) AppleWebKit/537.36 (KHTML, like Gecko) Chrome/39.0.2171.95 Safari/537.36" "patriotrestorations.com"
51.145.87.226 - - [27/Sep/2022:10:16:10 -0700] "GET /wp-content/plugins/ulisting/readme.txt HTTP/1.1" 404 73 "-" "Mozilla/5.0 (Macintosh; Intel Mac OS X 10_10_1) AppleWebKit/537.36 (KHTML, like Gecko) Chrome/39.0.2171.95 Safari/537.36" "patriotrestorations.com"
51.145.87.226 - - [27/Sep/2022:10:16:17 -0700] "GET /wp-content/plugins/mstore-api/readme.txt HTTP/1.1" 404 73 "-" "Mozilla/5.0 (Macintosh; Intel Mac OS X 10_10_1) AppleWebKit/537.36 (KHTML, like Gecko) Chrome/39.0.2171.95 Safari/537.36" "patriotrestorations.com"
51.145.87.226 - - [27/Sep/2022:10:16:23 -0700] "GET /wp-content/plugins/wp-ecommerce-shop-styling/includes/download.php?filename=../../../../wp-config.php HTTP/1.1" 404 73 "-" "Mozilla/5.0 (Macintosh; Intel Mac OS X 10_10_1) AppleWebKit/537.36 (KHTML, like Gecko) Chrome/39.0.2171.95 Safari/537.36" "patriotrestorations.com"
51.145.87.226 - - [27/Sep/2022:10:16:23 -0700] "GET /wp-content/plugins/tatsu/changelog.md HTTP/1.1" 404 73 "-" "Mozilla/5.0 (Macintosh; Intel Mac OS X 10_10_1) AppleWebKit/537.36 (KHTML, like Gecko) Chrome/39.0.2171.95 Safari/537.36" "patriotrestorations.com"
51.145.87.226 - - [27/Sep/2022:10:16:23 -0700] "GET /wp-admin/admin-ajax.php?action=revslider_show_image&img=../wp-config.php HTTP/1.1" 400 1 "-" "Mozilla/5.0 (Macintosh; Intel Mac OS X 10_10_1) AppleWebKit/537.36 (KHTML, like Gecko) Chrome/39.0.2171.95 Safari/537.36" "patriotrestorations.com"
51.145.87.226 - - [27/Sep/2022:10:16:21 -0700] "GET /wp-admin/admin-ajax.php?action=duplicator_download&file=../wp-config.php HTTP/1.1" 400 1 "-" "Mozilla/5.0 (Macintosh; Intel Mac OS X 10_10_1) AppleWebKit/537.36 (KHTML, like Gecko) Chrome/39.0.2171.95 Safari/537.36" "patriotrestorations.com"
10.247.24.106 - - [27/Sep/2022:10:16:24 -0700] "POST /wp-cron.php?doing_wp_cron=1664298984.2050731182098388671875 HTTP/1.1" 200 - "http://patriotrestorations.com/wp-cron.php?doing_wp_cron=1664298984.2050731182098388671875" "WordPress/5.0.17; http://patriotrestorations.com" "patriotrestorations.com"
51.145.87.226 - - [27/Sep/2022:10:16:35 -0700] "GET /wp-content/plugins/wp-user-avatar/changelog.txt HTTP/1.1" 404 73 "-" "Mozilla/5.0 (Macintosh; Intel Mac OS X 10_10_1) AppleWebKit/537.36 (KHTML, like Gecko) Chrome/39.0.2171.95 Safari/537.36" "patriotrestorations.com"
46.161.27.155 - - [27/Sep/2022:11:05:58 -0700] "POST /wp-login.php HTTP/1.1" 200 4960 "-" "Mozilla/5.0 (Windows NT 6.3; WOW64; rv:43.0) Gecko/20100101 Firefox/43.0" "patriotrestorations.com"
10.247.24.106 - - [27/Sep/2022:11:06:00 -0700] "POST /wp-cron.php?doing_wp_cron=1664301960.5179219245910644531250 HTTP/1.1" 200 - "http://patriotrestorations.com/wp-cron.php?doing_wp_cron=1664301960.5179219245910644531250" "WordPress/5.0.17; http://patriotrestorations.com" "patriotrestorations.com"
46.161.27.156 - - [27/Sep/2022:12:07:42 -0700] "POST /wp-login.php HTTP/1.1" 200 4956 "-" "Mozilla/5.0 (Windows NT 6.3; WOW64; rv:43.0) Gecko/20100101 Firefox/43.0" "patriotrestorations.com"
10.247.24.106 - - [27/Sep/2022:12:07:44 -0700] "POST /wp-cron.php?doing_wp_cron=1664305663.9774649143218994140625 HTTP/1.1" 200 - "http://patriotrestorations.com/wp-cron.php?doing_wp_cron=1664305663.9774649143218994140625" "WordPress/5.0.17; http://patriotrestorations.com" "patriotrestorations.com"
216.244.66.200 - - [27/Sep/2022:13:07:48 -0700] "GET /robots.txt HTTP/1.1" 404 73 "-" "Mozilla/5.0 (compatible; DotBot/1.2; +https://opensiteexplorer.org/dotbot; help@moz.com)" "patriotrestorations.com"
178.128.219.183 - - [27/Sep/2022:13:22:52 -0700] "GET /wp-includes/ID3/license.txt HTTP/1.1" 200 1356 "-" "Mozilla/5.0 (Windows NT 10.0; Win64; x64) AppleWebKit/537.36 (KHTML, like Gecko) Chrome/95.0.4638.69 Safari/537.36" "patriotrestorations.com"
178.128.219.183 - - [27/Sep/2022:13:22:53 -0700] "GET /xmlrpc.php?rsd HTTP/1.1" 500 5699 "-" "Mozilla/5.0 (Windows NT 10.0; Win64; x64) AppleWebKit/537.36 (KHTML, like Gecko) Chrome/95.0.4638.69 Safari/537.36" "patriotrestorations.com"
178.128.219.183 - - [27/Sep/2022:13:22:54 -0700] "GET /blog/wp-includes/wlwmanifest.xml HTTP/1.1" 404 73 "-" "Mozilla/5.0 (Windows NT 10.0; Win64; x64) AppleWebKit/537.36 (KHTML, like Gecko) Chrome/95.0.4638.69 Safari/537.36" "patriotrestorations.com"
178.128.219.183 - - [27/Sep/2022:13:22:55 -0700] "GET /wordpress/wp-includes/wlwmanifest.xml HTTP/1.1" 404 73 "-" "Mozilla/5.0 (Windows NT 10.0; Win64; x64) AppleWebKit/537.36 (KHTML, like Gecko) Chrome/95.0.4638.69 Safari/537.36" "patriotrestorations.com"
178.128.219.183 - - [27/Sep/2022:13:22:56 -0700] "GET /2020/wp-includes/wlwmanifest.xml HTTP/1.1" 404 73 "-" "Mozilla/5.0 (Windows NT 10.0; Win64; x64) AppleWebKit/537.36 (KHTML, like Gecko) Chrome/95.0.4638.69 Safari/537.36" "patriotrestorations.com"
178.128.219.183 - - [27/Sep/2022:13:22:56 -0700] "GET /2019/wp-includes/wlwmanifest.xml HTTP/1.1" 404 73 "-" "Mozilla/5.0 (Windows NT 10.0; Win64; x64) AppleWebKit/537.36 (KHTML, like Gecko) Chrome/95.0.4638.69 Safari/537.36" "patriotrestorations.com"
178.128.219.183 - - [27/Sep/2022:13:22:58 -0700] "GET /shop/wp-includes/wlwmanifest.xml HTTP/1.1" 404 73 "-" "Mozilla/5.0 (Windows NT 10.0; Win64; x64) AppleWebKit/537.36 (KHTML, like Gecko) Chrome/95.0.4638.69 Safari/537.36" "patriotrestorations.com"
178.128.219.183 - - [27/Sep/2022:13:22:59 -0700] "GET /test/wp-includes/wlwmanifest.xml HTTP/1.1" 404 73 "-" "Mozilla/5.0 (Windows NT 10.0; Win64; x64) AppleWebKit/537.36 (KHTML, like Gecko) Chrome/95.0.4638.69 Safari/537.36" "patriotrestorations.com"
178.128.219.183 - - [27/Sep/2022:13:23:00 -0700] "GET /cms/wp-includes/wlwmanifest.xml HTTP/1.1" 404 73 "-" "Mozilla/5.0 (Windows NT 10.0; Win64; x64) AppleWebKit/537.36 (KHTML, like Gecko) Chrome/95.0.4638.69 Safari/537.36" "patriotrestorations.com"
216.244.66.200 - - [27/Sep/2022:14:02:52 -0700] "GET /robots.txt HTTP/1.1" 404 73 "-" "Mozilla/5.0 (compatible; DotBot/1.2; +https://opensiteexplorer.org/dotbot; help@moz.com)" "patriotrestorations.com"
46.161.27.153 - - [27/Sep/2022:14:12:15 -0700] "POST /wp-login.php HTTP/1.1" 200 4956 "-" "Mozilla/5.0 (Windows NT 6.3; WOW64; rv:43.0) Gecko/20100101 Firefox/43.0" "patriotrestorations.com"
10.247.24.107 - - [27/Sep/2022:14:12:18 -0700] "POST /wp-cron.php?doing_wp_cron=1664313138.0571360588073730468750 HTTP/1.1" 200 - "http://patriotrestorations.com/wp-cron.php?doing_wp_cron=1664313138.0571360588073730468750" "WordPress/5.0.17; http://patriotrestorations.com" "patriotrestorations.com"
34.138.102.122 - - [27/Sep/2022:15:00:34 -0700] "GET /robots.txt HTTP/1.1" 404 88 "-" "ZoominfoBot (zoominfobot at zoominfo dot com)" "patriotrestorations.com"
34.138.102.122 - - [27/Sep/2022:15:00:34 -0700] "GET / HTTP/1.1" 200 20 "-" "ZoominfoBot (zoominfobot at zoominfo dot com)" "patriotrestorations.com"
216.244.66.200 - - [27/Sep/2022:15:54:50 -0700] "GET /robots.txt HTTP/1.1" 404 73 "-" "Mozilla/5.0 (compatible; DotBot/1.2; +https://opensiteexplorer.org/dotbot; help@moz.com)" "patriotrestorations.com"
46.161.27.155 - - [27/Sep/2022:16:14:45 -0700] "POST /wp-login.php HTTP/1.1" 200 4958 "-" "Mozilla/5.0 (Windows NT 6.3; WOW64; rv:43.0) Gecko/20100101 Firefox/43.0" "patriotrestorations.com"
10.247.24.108 - - [27/Sep/2022:16:14:47 -0700] "POST /wp-cron.php?doing_wp_cron=1664320487.5195510387420654296875 HTTP/1.1" 200 - "http://patriotrestorations.com/wp-cron.php?doing_wp_cron=1664320487.5195510387420654296875" "WordPress/5.0.17; http://patriotrestorations.com" "patriotrestorations.com"
